ppose d = 5*p + 3*d - 62, -2*p - 4*d = -f. What is the remainder when 34 is divided by p?
10
Suppose 121 = 3*a - 4*q, -a = -0*a - 3*q - 47. What is the remainder when a is divided by 10?
5
Let l = 0 + 1. Suppose 2*p = p + l. What is the remainder when p is divided by 1?
0
Suppose 6*r - 3*r = -6, 0 = -2*s + r + 246. Calculate the remainder when s is divided by 21.
17
Let d(i) = i**3 - 17*i**2 + 21. Calculate the remainder when d(17) is divided by 8 - (-4)/(-6)*3.
3
Let w = 29 - 19. Let q(j) = 3*j. Calculate the remainder when q(w) is divided by 16.
14
Let h(f) = f**3 - 10*f**2 - 5*f - 28. What is the remainder when h(11) is divided by 14?
10
Suppose 4*s + 2*t - t = 378, 0 = -3*s + 3*t + 291. What is the remainder when s is divided by 24?
23
Suppose -6 = 4*a - 3*a. Let k be 14*3/a*-5. Let w = -20 + k. Calculate the remainder when 44 is divided by w.
14
Let a(q) = 9*q**3 - 2*q + 1. What is the remainder when 21 is divided by a(1)?
5
Suppose -275 = -42*r + 37*r. What is the remainder when r is divided by 14?
13
Suppose -9*y - 10 = -7*y. Calculate the remainder when 47 is divided by y/10 + (-99)/(-6).
15
Let n(l) = l**2 - 15*l + 55. Calculate the remainder when 71 is divided by n(11).
5
Let z = -31 + 38. What is the remainder when z is divided by (-2 - -2) + (-1 - -4)?
1
Let m(k) = -5. Let c(b) = -b - 6. Let v(l) = -3*c(l) + 4*m(l). Let n be v(-3). Let i = n + 25. What is the remainder when i is divided by 4?
2
Let n = 34 + -167. Suppose 2*y + 2*t = -0*y - 196, -5*y - 463 = -4*t. Let q = y - n. What is the remainder when q is divided by 20?
18
Suppose -m = -0 - 5, -4*q + 5*m = 5. Suppose 0 = -4*d + 91 + q. Calculate the remainder when d is divided by 13.
11
Suppose 15 - 47 = -2*z. What is the remainder when 45 is divided by z?
13
Suppose -46 = -2*w + 2*t, 2*w - 99 = -w - 3*t. Calculate the remainder when w is divided by 10.
8
Let q be 0 - (0 - 24)/2. Suppose -q = -2*k + 8. What is the remainder when 17 is divided by k?
7
Suppose -5*n = -2*n + 12. Let d = 9 + n. Suppose 3*j + f - 23 = 0, j - 3*f + 3 = -6*f. Calculate the remainder when j is divided by d.
4
Let i = -19 - -52. What is the remainder when 65 is divided by i?
32
Suppose 5*m = -2*v - 4, -v + m = 3*m. Calculate the remainder when (-1)/(v/10)*-4 is divided by 2.
1
Suppose -54 = 4*q - 7*q. Let l(n) = 27*n - 1. What is the remainder when l(2) is divided by q?
17
Let y = 62 - 59. Let i = 0 + 2. Suppose 2*n + i*r - 24 = 0, 4*n - y*r + r - 60 = 0. What is the remainder when n is divided by 5?
4
Suppose -3*g = 2*g + 245. Let j = -28 - g. Suppose -f + j = -0. Calculate the remainder when f is divided by 11.
10
Suppose 0 = -o + 4*o - 39. Let c(d) = -3*d - 1. Let b be c(-1). Suppose 15 = 5*i - b*r, -2*i + 3*r - 3 = 2. What is the remainder when o is divided by i?
3
What is the remainder when 67 is divided by 2/(-6) + (80/6 - -5)?
13
Suppose -12*u + 77 = -5*u. What is the remainder when 20 is divided by u?
9
Suppose 0 = o + 5, 0*u + 32 = 2*u + 2*o. What is the remainder when 2/(-1) + 0 + 63 is divided by u?
19
Let s(d) = d**3 + 10*d**2 + d - 9. Suppose 8*g = 4*g - 36. What is the remainder when s(g) is divided by 22?
19
Let a(s) = s**3 + 7*s**2 + s + 2. Let i(t) = 19*t - 2. Let g(r) = -r**2 + 5*r + 1. Let h be g(5). What is the remainder when a(-6) is divided by i(h)?
15
Let p(t) = t**2 + 7*t + 10. Let c be p(-4). Suppose 3*v - k = -4*k + 24, 3*k = 4*v - 32. Let i = v + c. What is the remainder when i is divided by 4?
2
Suppose 3*v = 5*x - 99, 0*v = -4*x + 2*v + 80. Suppose -3*i - 5*o = -58, -4*i + i + 18 = -3*o. What is the remainder when x is divided by i?
10
Calculate the remainder when 8 is divided by ((-4)/5)/(4/(-20)).
0
Suppose -4*j - 38 + 266 = 0. Let x(l) = l**2 + l. What is the remainder when j is divided by x(4)?
17
Let t be (1*-1 - 1)*-1. Suppose -2 = t*h - 34. Let p = -14 - -45. What is the remainder when p is divided by h?
15
Let q be (-1)/(((-3)/(-303))/(-1)). Let h = -63 + q. What is the remainder when h is divided by 10?
8
Suppose -5*h = -23 - 52. Calculate the remainder when 44 is divided by h.
14
Suppose 2*b - 5*b + 27 = 0. What is the remainder when b is divided by (15/(-12))/((-4)/16)?
4
Let q be -1 + 171 - (-4 - -2). Suppose -j = -n - 35, 0*n + q = 5*j - 2*n. Calculate the remainder when j is divided by 12.
10
Let s(x) = 13*x - 8. What is the remainder when s(6) is divided by 12?
10
Let y(u) = u**3 - 3*u**2 - 2*u + 5. Suppose 3*r + 0*r = 111. Calculate the remainder when r is divided by y(4).
11
Let j = 9 + 8. What is the remainder when (-7 - (-43)/7)*-77 is divided by j?
15
Let r = -4 + 1. Calculate the remainder when 5*(138/30 + 0) is divided by 2/6 + (-38)/r.
10
Let z be 6/4*16/6. Suppose -2*x + 56 = 2*d + 8, 8 = z*d. Calculate the remainder when x is divided by 12.
10
Suppose q + 4*q = -j - 145, -5*j - 109 = 3*q. Calculate the remainder when 55 is divided by 3/7 - 380/q.
13
Let s be 2/(-7) + (-116)/(-14). Suppose -5*c = -s*c + 15. Calculate the remainder when 18 is divided by c.
3
Let k = -12 - -23. Calculate the remainder when 38 is divided by 1 - -1 - (0 - k).
12
Suppose j - t = 19, 2*j = -5*t + t + 32. Let d = -47 + 81. What is the remainder when d is divided by j?
16
Suppose -2*u = -w + 8, -3*u - u + 4 = 0. Suppose 3*m = 22 - 4. Calculate the remainder when w is divided by m.
4
Let u = 94 + -76. Calculate the remainder when 47 is divided by u.
11
Suppose 3*n = 4*u + 43 + 187, 2*u = 2*n - 152. What is the remainder when n is divided by 25?
24
Suppose 3*w + 0*w = -3*k + 51, 3*w = 3*k + 75. Calculate the remainder when w is divided by 11.
10
Calculate the remainder when (-17)/(-1 - (-3 + 3)) is divided by 5.
2
Let b = 9 - -10. What is the remainder when b is divided by 5?
4
Let m(w) = -w**3 - 6*w**2 + 4*w. Let v be (-84)/(-20) + (-1)/5. Let k = -11 + v. What is the remainder when 62 is divided by m(k)?
20
Let h(v) be the second derivative of -v**3 + v**2 - 4*v. Let o(u) = -8*u**2 - u. Let t be o(-1). What is the remainder when h(t) is divided by 15?
14
Suppose -5*l + 3*j = -15 - 13, 0 = l - 5*j - 10. Let a = -3 + l. Suppose 2*b - 5*r - 58 = -a*b, 5*r + 70 = 5*b. Calculate the remainder when 35 is divided by b.
11
Let j(x) = x**2 + 2*x - 1. Let u be j(-3). Suppose -u*n + 0*n + 20 = 0. Let s = -21 - -27. Calculate the remainder when n is divided by s.
4
Let s = 210 - 149. What is the remainder when s is divided by 21?
19
Let r = 34 - 18. Let j(d) = -d**3 - 4*d**2 + 2*d - 6. Let f = -17 + 12. What is the remainder when r is divided by j(f)?
7
Suppose 0 = -2*b + 5*b. Suppose 0*r + r - 9 = b. Calculate the remainder when 43 is divided by (66/(-8))/(r/(-24)).
21
Let g(q) = -q**2 - 7*q + 2. Let w(k) = k. Calculate the remainder when g(-6) is divided by w(3).
2
Suppose 4*j - 2 = 2. Let k be (j + -2)*(-2 + 5). Calculate the remainder when 2 is divided by (-12)/2*1/k.
0
Suppose -8*u + 462 = -2*u. Calculate the remainder when u is divided by 26.
25
Let h be 10/2 - (3 - 1). Let g = 14 + h. Calculate the remainder when g is divided by 9.
8
Let h(d) = -2*d**2 + 3*d - 9. Let x(o) = -o**2 + 2*o - 5. Let u(i) = 4*h(i) - 9*x(i). Calculate the remainder when 17 is divided by u(6).
8
Let l(f) = -2*f**3 - 2*f**2 - 3*f. What is the remainder when 39 is divided by l(-2)?
11
Let g = -20 + 28. What is the remainder when 27 is divided by g?
3
Let l be -15 - (2 + -8 - -3). Let y be l/(-2 - (-3 + 2)). Suppose w - y = 18. Calculate the remainder when w is divided by 16.
14
Let l = 538 - 339. What is the remainder when l is divided by 40?
39
Suppose -4*s + a + 22 + 35 = 0, 0 = -s - 5*a + 9. Calculate the remainder when 25 is divided by s.
11
Calculate the remainder when -93*((-10)/3 + 3) is divided by (0 - 1)/(1/(-8)).
7
Let y(l) = -2*l - 1. Let v be y(1). Let t be (12/9)/((-1)/v). Suppose -f + 26 = 4*w - 2, -f = -t. What is the remainder when 16 is divided by w?
4
Let v = 119 - 84. Suppose k + 8 = v. What is the remainder when k is divided by (12/(-15))/((-2)/35)?
13
Suppose -33*u + 29*u + 36 = 0. Calculate the remainder when 25 is divided by u.
7
Suppose 11 = -3*f - 16. Let k(r) be the second derivative of -r**3/6 + r**2 - r. What is the remainder when k(f) is divided by 4?
3
Let v(s) = -s**3 - 24*s**2 - 44*s + 18. What is the remainder when v(-22) is divided by 15?
3
Let k be (-1 + 35)/(4/2). Le